{"id":3627,"date":"2022-02-10T10:53:20","date_gmt":"2022-02-10T10:53:20","guid":{"rendered":"http:\/\/cotedazurich.ch\/?page_id=3627"},"modified":"2024-11-25T13:28:32","modified_gmt":"2024-11-25T13:28:32","slug":"about","status":"publish","type":"page","link":"https:\/\/cotedazurich.ch\/en\/about\/","title":{"rendered":"\u00dcber C\u00f4te d\u2019Azurich"},"content":{"rendered":"<div data-elementor-type=\"wp-page\" data-elementor-id=\"3627\" class=\"elementor elementor-3627\" data-elementor-post-type=\"page\">\n\t\t\t\t\t\t<section class=\"elementor-section elementor-top-section elementor-element elementor-element-b806803 elementor-section-full_width elementor-section-stretched elementor-section-height-default elementor-section-height-default\" data-id=\"b806803\" data-element_type=\"section\" data-settings=\"{&quot;stretch_section&quot;:&quot;section-stretched&quot;,&quot;background_background&quot;:&quot;classic&quot;}\">\n\t\t\t\t\t\t<div class=\"elementor-container elementor-column-gap-default\">\n\t\t\t\t\t<div class=\"elementor-column elementor-col-100 elementor-top-column elementor-element elementor-element-620f8f3\" data-id=\"620f8f3\" data-element_type=\"column\">\n\t\t\t<div class=\"elementor-widget-wrap elementor-element-populated\">\n\t\t\t\t\t\t<div class=\"elementor-element elementor-element-d1f5b81 elementor-widget elementor-widget-spacer\" data-id=\"d1f5b81\" data-element_type=\"widget\" data-widget_type=\"spacer.default\">\n\t\t\t\t<div class=\"elementor-widget-container\">\n\t\t\t\t\t\t\t<div class=\"elementor-spacer\">\n\t\t\t<div class=\"elementor-spacer-inner\"><\/div>\n\t\t<\/div>\n\t\t\t\t\t\t<\/div>\n\t\t\t\t<\/div>\n\t\t\t\t<div class=\"elementor-element elementor-element-8ce2719 elementor-hidden-mobile elementor-widget elementor-widget-heading\" data-id=\"8ce2719\" data-element_type=\"widget\" data-widget_type=\"heading.default\">\n\t\t\t\t<div class=\"elementor-widget-container\">\n\t\t\t\t\t<p class=\"elementor-heading-title elementor-size-default\"><a href=\"https:\/\/cotedazurich.ch\/en\/zuerichfoto\/\" target=\"_blank\">rolf m\u00fcllestein<\/a><\/p>\t\t\t\t<\/div>\n\t\t\t\t<\/div>\n\t\t\t\t\t<\/div>\n\t\t<\/div>\n\t\t\t\t\t<\/div>\n\t\t<\/section>\n\t\t\t\t<section class=\"elementor-section elementor-top-section elementor-element elementor-element-640f5ca elementor-section-boxed elementor-section-height-default elementor-section-height-default\" data-id=\"640f5ca\" data-element_type=\"section\">\n\t\t\t\t\t\t<div class=\"elementor-container elementor-column-gap-default\">\n\t\t\t\t\t<div class=\"elementor-column elementor-col-100 elementor-top-column elementor-element elementor-element-59756de\" data-id=\"59756de\" data-element_type=\"column\">\n\t\t\t<div class=\"elementor-widget-wrap elementor-element-populated\">\n\t\t\t\t\t\t<div class=\"elementor-element elementor-element-e0d81fb elementor-widget elementor-widget-image\" data-id=\"e0d81fb\" data-element_type=\"widget\" data-widget_type=\"image.default\">\n\t\t\t\t<div class=\"elementor-widget-container\">\n\t\t\t\t\t\t\t\t\t\t\t\t\t\t\t<img fetchpriority=\"high\" decoding=\"async\" width=\"300\" height=\"300\" src=\"https:\/\/cotedazurich.ch\/wp-content\/uploads\/2022\/11\/logo-r-300x300.png\" class=\"attachment-medium size-medium wp-image-7588\" alt=\"\" srcset=\"https:\/\/cotedazurich.ch\/wp-content\/uploads\/2022\/11\/logo-r-300x300.png 300w, https:\/\/cotedazurich.ch\/wp-content\/uploads\/2022\/11\/logo-r-100x100.png 100w, https:\/\/cotedazurich.ch\/wp-content\/uploads\/2022\/11\/logo-r-600x600.png 600w, https:\/\/cotedazurich.ch\/wp-content\/uploads\/2022\/11\/logo-r-1024x1024.png 1024w, https:\/\/cotedazurich.ch\/wp-content\/uploads\/2022\/11\/logo-r-150x150.png 150w, https:\/\/cotedazurich.ch\/wp-content\/uploads\/2022\/11\/logo-r-768x768.png 768w, https:\/\/cotedazurich.ch\/wp-content\/uploads\/2022\/11\/logo-r-12x12.png 12w, https:\/\/cotedazurich.ch\/wp-content\/uploads\/2022\/11\/logo-r-1280x1280.png 1280w, https:\/\/cotedazurich.ch\/wp-content\/uploads\/2022\/11\/logo-r.png 1479w\" sizes=\"(max-width: 300px) 100vw, 300px\" \/>\t\t\t\t\t\t\t\t\t\t\t\t\t\t\t<\/div>\n\t\t\t\t<\/div>\n\t\t\t\t\t<\/div>\n\t\t<\/div>\n\t\t\t\t\t<\/div>\n\t\t<\/section>\n\t\t\t\t<section class=\"elementor-section elementor-top-section elementor-element elementor-element-04b052e elementor-section-boxed elementor-section-height-default elementor-section-height-default\" data-id=\"04b052e\" data-element_type=\"section\">\n\t\t\t\t\t\t<div class=\"elementor-container elementor-column-gap-default\">\n\t\t\t\t\t<div class=\"elementor-column elementor-col-100 elementor-top-column elementor-element elementor-element-42398c4\" data-id=\"42398c4\" data-element_type=\"column\">\n\t\t\t<div class=\"elementor-widget-wrap elementor-element-populated\">\n\t\t\t\t\t\t<div class=\"elementor-element elementor-element-5248222 elementor-widget elementor-widget-heading\" data-id=\"5248222\" data-element_type=\"widget\" data-widget_type=\"heading.default\">\n\t\t\t\t<div class=\"elementor-widget-container\">\n\t\t\t\t\t<h1 class=\"elementor-heading-title elementor-size-default\"><span style=\"letter-spacing: 0.4px\">about C\u00f4te d'Azurich - <\/span>who's that behind it?<\/h1>\t\t\t\t<\/div>\n\t\t\t\t<\/div>\n\t\t\t\t\t<\/div>\n\t\t<\/div>\n\t\t\t\t\t<\/div>\n\t\t<\/section>\n\t\t\t\t<section class=\"elementor-section elementor-top-section elementor-element elementor-element-fe0b329 elementor-section-boxed elementor-section-height-default elementor-section-height-default\" data-id=\"fe0b329\" data-element_type=\"section\">\n\t\t\t\t\t\t<div class=\"elementor-container elementor-column-gap-default\">\n\t\t\t\t\t<div class=\"elementor-column elementor-col-100 elementor-top-column elementor-element elementor-element-7a58062\" data-id=\"7a58062\" data-element_type=\"column\">\n\t\t\t<div class=\"elementor-widget-wrap elementor-element-populated\">\n\t\t\t\t\t\t<div class=\"elementor-element elementor-element-ab38cc5 elementor-widget elementor-widget-text-editor\" data-id=\"ab38cc5\" data-element_type=\"widget\" data-widget_type=\"text-editor.default\">\n\t\t\t\t<div class=\"elementor-widget-container\">\n\t\t\t\t\t\t\t\t\t<p>in other words: it should be an insta account that spreads \"feel-good-vibes\" in \"not-so-feel-good-times\" due to corona. considering the not too bad growing number of followers, i must have hit a nerve, which made my z\u00fcrich-loving heart beat even faster. and as it happens when you get into the \"flow\", one thing led to another:<\/p><p>on april 01, 2021, the website <a href=\"https:\/\/cotedazurich.ch\/en\/\">cotedazurich.ch<\/a> live. the reason for this was very simple: there are many people \u00about there\u00bb who are not interested in social media, yet might love to enjoy beautiful photographies of zurich too, i supposed. and indeed, if you want to believe the analytics, people from all over the world are clicking their way to C\u00f4te d'Azurich \u2013 or maybe they got all just lost looking for the C\u00f4te d'Azur? hmm...<\/p><p>\"there's more to it\", this feeling accompanied me the whole summer until the idea of the \u00abzurich tips\u00bb \u2013 formerly \u00abpeople galleries\u00bb \u2013  emerged. of course! who or what makes up the beautiful, and passionate sides of zurich? it's us. we citizens of zurich and our visions and businesses. we should show that with pride and recommend ourselves!<\/p><p>hence, the \u00abzurich tips\u00bb offer local or zurich related businesses a platform to present themselves and their products and services. very personal, with lots of pictures and possibly in english too, to allow locals, expats, tourists and all kinds of people from all over the world to see and to read as well about what amazing people and companies zurich has!<\/p><p>how about you?<\/p>\t\t\t\t\t\t\t\t<\/div>\n\t\t\t\t<\/div>\n\t\t\t\t\t<\/div>\n\t\t<\/div>\n\t\t\t\t\t<\/div>\n\t\t<\/section>\n\t\t\t\t<\/div>","protected":false},"excerpt":{"rendered":"<p>rolf m\u00fcllestein \u00fcber C\u00f4te d\u2019Azurich &#8211; wer steckt denn da dahinter? oder anders ausgedr\u00fcckt: es sollte eine instaseite werden, welche \u00abfeel-good-vibes\u00bb in coronabedingten \u00abnot-so-feel-good-times\u00bb verbreitet. in anbetracht der nicht schlecht wachsenden followerzahlen, musste ich wohl einen nerv getroffen haben, was&#8230;<\/p>","protected":false},"author":1,"featured_media":11156,"parent":0,"menu_order":0,"comment_status":"closed","ping_status":"closed","template":"page-full-width.php","meta":{"footnotes":""},"class_list":["post-3627","page","type-page","status-publish","has-post-thumbnail","hentry"],"_links":{"self":[{"href":"https:\/\/cotedazurich.ch\/en\/wp-json\/wp\/v2\/pages\/3627","targetHints":{"allow":["GET"]}}],"collection":[{"href":"https:\/\/cotedazurich.ch\/en\/wp-json\/wp\/v2\/pages"}],"about":[{"href":"https:\/\/cotedazurich.ch\/en\/wp-json\/wp\/v2\/types\/page"}],"author":[{"embeddable":true,"href":"https:\/\/cotedazurich.ch\/en\/wp-json\/wp\/v2\/users\/1"}],"replies":[{"embeddable":true,"href":"https:\/\/cotedazurich.ch\/en\/wp-json\/wp\/v2\/comments?post=3627"}],"version-history":[{"count":126,"href":"https:\/\/cotedazurich.ch\/en\/wp-json\/wp\/v2\/pages\/3627\/revisions"}],"predecessor-version":[{"id":16961,"href":"https:\/\/cotedazurich.ch\/en\/wp-json\/wp\/v2\/pages\/3627\/revisions\/16961"}],"wp:featuredmedia":[{"embeddable":true,"href":"https:\/\/cotedazurich.ch\/en\/wp-json\/wp\/v2\/media\/11156"}],"wp:attachment":[{"href":"https:\/\/cotedazurich.ch\/en\/wp-json\/wp\/v2\/media?parent=3627"}],"curies":[{"name":"wp","href":"https:\/\/api.w.org\/{rel}","templated":true}]}}

Über Côte d’Azurich

<div data-elementor-type="wp-page" data-elementor-id="3627" class="elementor elementor-3627" data-elementor-post-type="page">
						<section class="elementor-section elementor-top-section elementor-element elementor-element-b806803 elementor-section-full_width elementor-section-stretched elementor-section-height-default elementor-section-height-default" data-id="b806803" data-element_type="section" data-settings="{&quot;stretch_section&quot;:&quot;section-stretched&quot;,&quot;background_background&quot;:&quot;classic&quot;}">
						<div class="elementor-container elementor-column-gap-default">
					<div class="elementor-column elementor-col-100 elementor-top-column elementor-element elementor-element-620f8f3" data-id="620f8f3" data-element_type="column">
			<div class="elementor-widget-wrap elementor-element-populated">
						<div class="elementor-element elementor-element-d1f5b81 elementor-widget elementor-widget-spacer" data-id="d1f5b81" data-element_type="widget" data-widget_type="spacer.default">
				<div class="elementor-widget-container">
							<div class="elementor-spacer">
			<div class="elementor-spacer-inner"></div>
		</div>
						</div>
				</div>
				<div class="elementor-element elementor-element-8ce2719 elementor-hidden-mobile elementor-widget elementor-widget-heading" data-id="8ce2719" data-element_type="widget" data-widget_type="heading.default">
				<div class="elementor-widget-container">
					<p class="elementor-heading-title elementor-size-default"><a href="https://cotedazurich.ch/en/zuerichfoto/" target="_blank">rolf müllestein</a></p>				</div>
				</div>
					</div>
		</div>
					</div>
		</section>
				<section class="elementor-section elementor-top-section elementor-element elementor-element-640f5ca elementor-section-boxed elementor-section-height-default elementor-section-height-default" data-id="640f5ca" data-element_type="section">
						<div class="elementor-container elementor-column-gap-default">
					<div class="elementor-column elementor-col-100 elementor-top-column elementor-element elementor-element-59756de" data-id="59756de" data-element_type="column">
			<div class="elementor-widget-wrap elementor-element-populated">
						<div class="elementor-element elementor-element-e0d81fb elementor-widget elementor-widget-image" data-id="e0d81fb" data-element_type="widget" data-widget_type="image.default">
				<div class="elementor-widget-container">
															<img fetchpriority="high" decoding="async" width="300" height="300" src="https://cotedazurich.ch/wp-content/uploads/2022/11/logo-r-300x300.png" class="attachment-medium size-medium wp-image-7588" alt="" srcset="https://cotedazurich.ch/wp-content/uploads/2022/11/logo-r-300x300.png 300w, https://cotedazurich.ch/wp-content/uploads/2022/11/logo-r-100x100.png 100w, https://cotedazurich.ch/wp-content/uploads/2022/11/logo-r-600x600.png 600w, https://cotedazurich.ch/wp-content/uploads/2022/11/logo-r-1024x1024.png 1024w, https://cotedazurich.ch/wp-content/uploads/2022/11/logo-r-150x150.png 150w, https://cotedazurich.ch/wp-content/uploads/2022/11/logo-r-768x768.png 768w, https://cotedazurich.ch/wp-content/uploads/2022/11/logo-r-12x12.png 12w, https://cotedazurich.ch/wp-content/uploads/2022/11/logo-r-1280x1280.png 1280w, https://cotedazurich.ch/wp-content/uploads/2022/11/logo-r.png 1479w" sizes="(max-width: 300px) 100vw, 300px" />															</div>
				</div>
					</div>
		</div>
					</div>
		</section>
				<section class="elementor-section elementor-top-section elementor-element elementor-element-04b052e elementor-section-boxed elementor-section-height-default elementor-section-height-default" data-id="04b052e" data-element_type="section">
						<div class="elementor-container elementor-column-gap-default">
					<div class="elementor-column elementor-col-100 elementor-top-column elementor-element elementor-element-42398c4" data-id="42398c4" data-element_type="column">
			<div class="elementor-widget-wrap elementor-element-populated">
						<div class="elementor-element elementor-element-5248222 elementor-widget elementor-widget-heading" data-id="5248222" data-element_type="widget" data-widget_type="heading.default">
				<div class="elementor-widget-container">
					<h1 class="elementor-heading-title elementor-size-default"><span style="letter-spacing: 0.4px">about Côte d'Azurich - </span>who's that behind it?</h1>				</div>
				</div>
					</div>
		</div>
					</div>
		</section>
				<section class="elementor-section elementor-top-section elementor-element elementor-element-fe0b329 elementor-section-boxed elementor-section-height-default elementor-section-height-default" data-id="fe0b329" data-element_type="section">
						<div class="elementor-container elementor-column-gap-default">
					<div class="elementor-column elementor-col-100 elementor-top-column elementor-element elementor-element-7a58062" data-id="7a58062" data-element_type="column">
			<div class="elementor-widget-wrap elementor-element-populated">
						<div class="elementor-element elementor-element-ab38cc5 elementor-widget elementor-widget-text-editor" data-id="ab38cc5" data-element_type="widget" data-widget_type="text-editor.default">
				<div class="elementor-widget-container">
									<p>in other words: it should be an insta account that spreads "feel-good-vibes" in "not-so-feel-good-times" due to corona. considering the not too bad growing number of followers, i must have hit a nerve, which made my zürich-loving heart beat even faster. and as it happens when you get into the "flow", one thing led to another:</p><p>on april 01, 2021, the website <a href="https://cotedazurich.ch/en/">cotedazurich.ch</a> live. the reason for this was very simple: there are many people «out there» who are not interested in social media, yet might love to enjoy beautiful photographies of zurich too, i supposed. and indeed, if you want to believe the analytics, people from all over the world are clicking their way to Côte d'Azurich – or maybe they got all just lost looking for the Côte d'Azur? hmm...</p><p>"there's more to it", this feeling accompanied me the whole summer until the idea of the «zurich tips» – formerly «people galleries» –  emerged. of course! who or what makes up the beautiful, and passionate sides of zurich? it's us. we citizens of zurich and our visions and businesses. we should show that with pride and recommend ourselves!</p><p>hence, the «zurich tips» offer local or zurich related businesses a platform to present themselves and their products and services. very personal, with lots of pictures and possibly in english too, to allow locals, expats, tourists and all kinds of people from all over the world to see and to read as well about what amazing people and companies zurich has!</p><p>how about you?</p>								</div>
				</div>
					</div>
		</div>
					</div>
		</section>
				</div>

<p>rolf müllestein über Côte d’Azurich &#8211; wer steckt denn da dahinter? oder anders ausgedrückt: es sollte eine instaseite werden, welche «feel-good-vibes» in coronabedingten «not-so-feel-good-times» verbreitet. in anbetracht der nicht schlecht wachsenden followerzahlen, musste ich wohl einen nerv getroffen haben, was&#8230;</p>
